units digit of p?
1
Let j(g) = -108*g**3 - 2*g**2 - 2*g - 2. Let y be j(-1). Let z = -63 + y. What is the units digit of z?
3
Let s = 8972 - -520. What is the units digit of s?
2
Let y = -53 - -45. Let h = y + 10. Suppose 174 = h*n + 6. What is the units digit of n?
4
Let d = 5925 - 64. What is the units digit of d?
1
Suppose 4*u - 10799 = -5*q, -3*u = -4*q + q - 8079. What is the tens digit of u?
9
Suppose 23 = 8*m - 9. Suppose 5*l = -2*n + 2100, 224 + 174 = l - m*n. Suppose 2*k = 2, 4*z - 5*k + 3*k - l = 0. What is the units digit of z?
5
Let w = 1792 + -908. Suppose 0*t + w = 3*t + 2*p, 4*p - 4 = 0. What is the tens digit of t?
9
Let i = -7536 - -15210. What is the units digit of i?
4
Let d = 1937 - 1539. Let a be 3/9 - 758/(-3). Suppose a = 7*k - d. What is the units digit of k?
3
Suppose 2*q + 71512 = 4*a, 8*a = 3*a + 4*q + 89399. What is the units digit of a?
5
Suppose 0 = 5*a - 59 + 34. What is the tens digit of (a + -11 - -12) + 76?
8
Suppose 100 = b + 88. Suppose -4*w = -5 + 13, -4*l - b = 2*w. What is the units digit of 8*(l + 5 + 30/8)?
4
Let z(u) = 13*u**2 + 17*u - 16. Suppose 2*w - 5*c + 18 = 32, 5*w - 35 = 2*c. What is the hundreds digit of z(w)?
7
Let f be (2/(-12) - 21/90)*-5. Suppose -5*t + 613 + 890 = -4*q, -6 = -f*q. What is the hundreds digit of t?
3
Suppose -155*b + 1731068 = -39*b. What is the thousands digit of b?
4
Let f = -14 - -25. Let g(d) be the second derivative of d**4/4 - 17*d**3/6 + 8*d**2 + 9*d. What is the tens digit of g(f)?
9
Let a be (1 + 0)*148*(-559)/(-172). What is the tens digit of a + (-20)/4 + 2?
7
Suppose 22507 = -6*f - 3*p + 116353, -2*p - 62540 = -4*f. What is the ten thousands digit of f?
1
Let d = 4 - 0. Suppose 2*c = 3*y + d*c - 52, 2*y - 35 = -c. What is the units digit of (3 - 5)/((-12)/y)?
3
What is the tens digit of ((-1529690)/760)/(0 - (-2)/(-8))?
5
What is the tens digit of (14/(-35))/((-8)/(-133970))*-2?
9
What is the hundreds digit of 12874/(-6)*(212 - 221)?
3
Let g(m) = 108*m**3 + 2*m**2 - 110*m - 44. What is the thousands digit of g(7)?
6
Let k = 26049 + -13477. What is the units digit of k?
2
Let c = 8312 + -2061. What is the thousands digit of c?
6
What is the tens digit of (-29416842)/(-455) - (-8)/(-20)*1?
5
Suppose 0 = 4*l - 3*g - 14, 0 = l + g - 4 - 3. Suppose -2*m - 3*p + 1286 = 446, 0 = l*p. What is the hundreds digit of m?
4
Suppose -6768 = -24*v + 30*v. Let b = v - -2234. What is the hundreds digit of b?
1
Let b be -4*5/40*-622. Let k = b + -195. What is the units digit of k?
6
Suppose -2*r + 2*u + 12 = 0, -16 + 6 = 5*u. Suppose 5*l = r*j - j + 423, -l + 83 = j. What is the hundreds digit of 4 + l/(-22) - 6200/(-22)?
2
Let j be (160/(-14))/((-8)/28). Suppose 0 = 9*p - j - 14. What is the units digit of 1296/p + 3 + 3*1?
2
Suppose -6 = -2*t, -33 = 13*n - 9*n + 5*t. What is the tens digit of (-2 + (-4)/n)*-3 - -923?
2
Let y = -900 + 1769. What is the tens digit of y?
6
Suppose 4*j - 8 - 2 = -x, -4*x - 2*j + 12 = 0. Let l(d) = 125*d**3 + 2*d**2 + 15*d - 25. What is the thousands digit of l(x)?
1
Let p(w) = 5*w**2 - 74*w - 2329. What is the ten thousands digit of p(107)?
4
Suppose 3*d + 26*x - 30*x = 77984, -4*x + 129952 = 5*d. What is the ten thousands digit of d?
2
Suppose 858 = -10*l - 192. What is the units digit of 10/l + 3196/42?
6
Let f(k) = -4799*k - 6. Let t be f(-1). Suppose 573 = 4*u + t. What is the hundreds digit of (-3)/(54/4) + u/(-9)?
1
Let l = -195 + 3433. What is the thousands digit of l?
3
Let k(i) = -i - 1. Let q be k(4). Let o(t) = -t**2 + t + 10. Let c be o(q). What is the tens digit of ((-3)/12 + -1)*c?
2
Suppose -2*i - 553 = -z, -5*i + 3156 = 5*z + 451. Let c = 909 + -518. Suppose c = 6*w - z. What is the units digit of w?
6
Let k(m) = m**2 + 6*m + 4. Let y be k(-6). Let g be -3*(y + (-1600)/(-12)). What is the units digit of (-2)/(-15) + g/(-60)?
7
Let a(x) = 26*x + 6*x**3 - 52*x - 22*x**2 + 24*x + 1. What is the units digit of a(5)?
1
Let k be 2 + (4 - -58)/1. Let v = k + 81. Suppose 5*n = v - 35. What is the tens digit of n?
2
Let a(u) = u**3 + 11*u**2 - 22*u + 1. Let k be 2/(-8)*9*(-40)/15. What is the tens digit of a(k)?
8
Let q(a) = a**2 - 33*a - 31. Let p be q(34). Suppose p*f = 7*f - 1364. What is the units digit of f?
1
Let b = -8988 + 9228. What is the hundreds digit of b?
2
Let x(m) = -3*m + 33. Let i be x(11). Suppose i = 33*w - 27*w - 2370. What is the hundreds digit of w?
3
Let d = -150 - -162. Suppose 0 = -3*m - d, m = 5*i + 5*m - 2454. What is the units digit of i?
4
Let r = -66085 - -109993. What is the thousands digit of r?
3
Let c(n) = 6*n - 86. Let h be c(15). What is the hundreds digit of ((-14)/h + -4)*206/(-3)?
5
Let p(q) = 9*q**2 + 82*q - 143. What is the tens digit of p(37)?
1
What is the hundreds digit of 56985/58*(-768)/(-40)?
8
Suppose -134*l - 2717 = -145*l. Let q = l - 123. What is the hundreds digit of q?
1
Let t be 1*(-45)/3*(-1 - 9). Suppose -t*s = -157*s + 8645. What is the hundreds digit of s?
2
Suppose -10*q + 888 = -212. Suppose 3*h - q = -8*m + 3*m, 4*h + 5*m - 145 = 0. Let p = h - 19. What is the units digit of p?
6
Suppose 2*d = 5*p - 310, -d + 7*p - 129 = 11*p. Let s = d - -519. What is the units digit of s?
4
Let u = 96357 + -55944. What is the units digit of u?
3
Suppose 4*f + 3*x - 70650 = 0, -f - 162 = -5*x - 17790. What is the units digit of f?
8
Let j = 94651 + -23707. What is the ten thousands digit of j?
7
Suppose 0 = t - 30 + 32. What is the hundreds digit of t - 20/(-8) - 4776/(-16)?
2
Suppose -2*z + 3*t = -51654, 1642*z - t + 129203 = 1647*z. What is the units digit of z?
9
Suppose u + 5*u + 2*g - 2530 = 0, 3*u - g = 1273. What is the tens digit of u?
2
Suppose 5 = f + 10, -4*d - 4*f = 20. Suppose 0 = 4*x + 4*g - 0*g - 1084, x - 3*g - 275 = d. What is the hundreds digit of x?
2
Let i(c) = 2*c**3 - 57*c**2 - 27*c - 51. Let z be i(29). Suppose 1012 = 2*h + 2*y, -z*y - 2024 = -4*h - 2*y. What is the tens digit of h?
0
Let g(x) be the first derivative of -467*x**4/4 + 2*x**3/3 + 3*x**2/2 + 2*x - 24. What is the units digit of g(-1)?
8
Let d = -15 + 15. Let g be 2 - (-1 + (3 - d)). Suppose g = -3*m + 6*m - 36. What is the tens digit of m?
1
Let u = 531 - 276. Let q = -6 + u. What is the units digit of q?
9
Suppose 30*l = -42 + 132. Suppose l*j = -2*d + 1387, -4*d - 3405 = -9*d + 5*j. What is the units digit of d?
6
Suppose 2*u - 21115 = -2*u + 19077. What is the hundreds digit of u?
0
What is the tens digit of 3958357/65 + (-480)/(-150)?
0
Let m be ((61600/24)/(-11))/((-1)/3). Suppose -98 = 14*l - m. What is the units digit of l?
3
Suppose -2*c = -18*c + 11792. Suppose 235 + c = 4*y. What is the hundreds digit of (-1 - (7/(-1) + 2)) + y?
2
Let b(z) = -668*z - 743. What is the hundreds digit of b(-17)?
6
Let q(j) = -j**2 - 3*j - 4. Let z be q(-3). Let g(d) = -d**3 - 4*d**2 + 2*d + 8. Let l be g(z). Suppose 0*u + u - 142 = l. What is the units digit of u?
2
Suppose 3*b = 3*o + 17874 - 138735, 0 = -o - b + 40287. What is the ten thousands digit of o?
4
Let i = 16832 - -2926. What is the thousands digit of i?
9
Suppose -2*m + 1176 = 5*m. What is the hundreds digit of m?
1
Let w(d) = 59272*d**2 - 22*d - 18. What is the ten thousands digit of w(-1)?
5
Suppose 36 = d + 5*x, 11*x - 84 = -4*d + 6*x. Suppose -d*m + 20 = 4. What is the units digit of m?
1
Suppose 6*c - 346 = -2*s + 5*c, s = 4*c + 191. What is the hundreds digit of (s - 0 - 2) + -3?
1
Let l(i) = -i**3 - 9*i**2 - 14*i + 1. Let k be l(-7). Let a(y) = 248*y + 16. What is the units digit of a(k)?
4
Let y be (-2)/(-4) - (-1957)/38. Suppose -45*g = -y*g - 21. What is the tens digit of -3*((-490)/g)/(-7)?
7
Suppose 52 = 7*x - 11. Suppose -484 = -2*w - 5*s, -5*w + x*w - 4*s - 940 = 0. Let q = w + 24. What is the tens digit of q?
6
Let w = 180 - 180. Suppose p + 3*i - 43 = w, -111 = -5*p + 4*i + 85. What is the units digit of p?
0
Let z(t) = 23*t + 4. Let a(d) = -23*d - 2. Let l(n) = 3*a(n) + 2*z(n). Suppose -2*f + 5*p = 16, -5*f = -5*p + 18 + 7. What is the units digit of l(f)?
1
Let o be (20/(-50))/((-1)/10). Let c be -52 - (-4 + o/(-4)). Let y = 38 - c. What is the tens digit of y?
8
Let a(r) = 5*r - 206. Let q be a(-14). Let s = q - -940. What is the units digit of s?
4
Let v = 1941 + -1942. Let m(h) = -4 + 2 - 194*h**3 + 4*h**2 + 4*h - 3*h. What is the 